 5740 is divided by 197.
27
What is the remainder when 2533245 is divided by 2533204?
41
What is the remainder when 80922968 is divided by 10289?
10272
Calculate the remainder when 3018124 is divided by 42.
4
What is the remainder when 119607 is divided by 2497?
2248
Calculate the remainder when 35032985 is divided by 29.
28
What is the remainder when 2144962 is divided by 25?
12
What is the remainder when 4318073 is divided by 26?
19
What is the remainder when 2620186 is divided by 1706?
1476
What is the remainder when 17634639 is divided by 195?
9
What is the remainder when 3411403 is divided by 1092?
1087
Calculate the remainder when 5241906 is divided by 4.
2
What is the remainder when 1285579 is divided by 342?
1
Calculate the remainder when 22566208 is divided by 626839.
4
What is the remainder when 680705 is divided by 97187?
396
Calculate the remainder when 324860 is divided by 2165.
110
Calculate the remainder when 333841 is divided by 406.
109
Calculate the remainder when 359358028 is divided by 119786005.
13
Calculate the remainder when 544182 is divided by 68015.
62
Calculate the remainder when 61455 is divided by 7681.
7
What is the remainder when 915848 is divided by 3943?
1072
Calculate the remainder when 18252985 is divided by 258.
1
Calculate the remainder when 130268134 is divided by 764.
22
Calculate the remainder when 179577353 is divided by 59859112.
17
Calculate the remainder when 85077 is divided by 1278.
729
What is the remainder when 37566 is divided by 17981?
1604
Calculate the remainder when 85410638 is divided by 280.
278
What is the remainder when 3400003 is divided by 61?
46
What is the remainder when 337595 is divided by 4753?
132
Calculate the remainder when 2186 is divided by 768.
650
What is the remainder when 886409 is divided by 148?
37
Calculate the remainder when 46245464 is divided by 212.
208
Calculate the remainder when 3273916 is divided by 478.
94
What is the remainder when 248051 is divided by 113?
16
Calculate the remainder when 2032984 is divided by 508241.
20
Calculate the remainder when 5246622 is divided by 1291.
1289
What is the remainder when 3065749 is divided by 27?
7
Calculate the remainder when 183939115 is divided by 5535.
5530
What is the remainder when 267944 is divided by 48?
8
What is the remainder when 6787146 is divided by 4817?
4810
What is the remainder when 313354 is divided by 62?
6
Calculate the remainder when 103277 is divided by 57.
50
Calculate the remainder when 413184 is divided by 2416.
48
Calculate the remainder when 125239782 is divided by 7.
3
What is the remainder when 484738 is divided by 242349?
40
Calculate the remainder when 81513 is divided by 247.
3
What is the remainder when 1333722 is divided by 3116?
74
What is the remainder when 10437 is divided by 710?
497
Calculate the remainder when 61242 is divided by 18992.
4266
What is the remainder when 266777 is divided by 265897?
880
What is the remainder when 64797597 is divided by 420?
417
Calculate the remainder when 19601 is divided by 122.
81
What is the remainder when 4109969 is divided by 10173?
77
Calculate the remainder when 5936007 is divided by 11872.
7
What is the remainder when 193884 is divided by 24175?
484
Calculate the remainder when 45052919 is divided by 660.
659
Calculate the remainder when 51755175 is divided by 8.
7
What is the remainder when 4183505 is divided by 18189?
35
What is the remainder when 120316 is divided by 24056?
36
Calculate the remainder when 5322244 is divided by 769.
764
What is the remainder when 82421 is divided by 417?
272
Calculate the remainder when 2578895 is divided by 61.
59
What is the remainder when 6393082 is divided by 2131003?
73
Calculate the remainder when 455508 is divided by 454333.
1175
What is the remainder when 475468 is divided by 5168?
12
Calculate the remainder when 538667 is divided by 83.
80
What is the remainder when 303273 is divided by 13?
9
Calculate the remainder when 103913829 is divided by 133.
131
What is the remainder when 19806098 is divided by 707360?
18
What is the remainder when 27314254 is divided by 155?
154
What is the remainder when 275879 is divided by 13116?
443
Calculate the remainder when 2964302 is divided by 2964141.
161
What is the remainder when 294550 is divided by 1404?
1114
What is the remainder when 468228 is divided by 12405?
9243
Calculate the remainder when 53289 is divided by 2682.
2331
Calculate the remainder when 1329167 is divided by 23.
20
Calculate the remainder when 63134 is divided by 380.
54
What is the remainder when 43668445 is divided by 2557?
2556
What is the remainder when 252340 is divided by 2357?
141
Calculate the remainder when 257707 is divided by 7390.
6447
Calculate the remainder when 12197025 is divided by 106061.
10
What is the remainder when 220788 is divided by 73457?
417
What is the remainder when 1884668 is divided by 17?
14
Calculate the remainder when 2220633 is divided by 383.
382
What is the remainder when 81339 is divided by 81326?
13
What is the remainder when 9361643 is divided by 2773?
2768
What is the remainder when 735567 is divided by 245188?
3
Calculate the remainder when 98481497 is divided by 33.
26
What is the remainder when 2678782 is divided by 24133?
19
What is the remainder when 14916 is divided by 2111?
139
What is the remainder when 251296261 is divided by 29?
9
Calculate the remainder when 69636669 is divided by 912.
909
Calculate the remainder when 34791084 is divided by 9.
0
What is the remainder when 6368954 is divided by 3017?
67
Calculate the remainder when 365597 is divided by 7311.
47
What is the remainder when 12410080 is divided by 97?
94
Calculate the remainder when 60653 is divided by 3864.
2693
What is the remainder when 11274034 is divided by 5234?
5232
Calculate the remainder when 189542 is divided by 6109.
163
Calculate the remainder when 35371 is divided by 17012.
1347
What is the remainder when 2757552 is divided by 243?
231
What is the remainder when 23998 is divided by 4258?
2708
What is the remainder when 184849767 is divided by 381?
378
What is the remainder when 126309 is divided by 3019?
2530
Calculate the remainder when 39648437 is divided by 26.
23
What is the remainder when 88462 is divided by 1918?
234
Calculate the remainder when 243045 is divided by 242342.
703
What is the remainder when 7337627 is divided by 793?
791
Calculate the remainder when 91578 is divided by 91527.
51
Calculate the remainder when 19548059 is divided by 70.
69
What is the remainder when 100573 is divided by 772?
213
What is the remainder when 206444 is divided by 67047?
5303
What is the remainder when 11147038 is divided by 180?
178
Calculate the remainder when 3294778 is divided by 3294698.
80
What is the remainder when 8762341 is divided by 4381159?
23
Calculate the remainder when 20480778 is divided by 8971.
8956
Calculate the remainder when 118542 is divided by 29371.
1058
Calculate the remainder when 2889356 is divided by 20344.
508
Calculate the remainder when 711348 is divided by 15124.
520
Calculate the remainder when 39604 is divided by 1424.
1156
Calculate the remainder when 263404080 is divided by 17560272.
0
What is the remainder when 12424955 is divided by 2005?
1975
Calculate the remainder when 17318730 is divided by 8659361.
8
Calculate the remainder when 1373689 is divided by 13.
5
Calculate the remainder when 1520509 is divided by 506810.
79
What is the remainder when 283039 is divided by 141503?
33
Calculate the remainder when 56080 is divided by 360.
280
What is the remainder when 108324 is divided by 1274?
34
Calculate the remainder when 63918804 is divided by 86.
78
What is the remainder when 28947946 is divided by 1507?
1490
Calculate the remainder when 3846074 is divided by 52.
50
Calculate the remainder when 382675204 is divided by 43.
15
Calculate the remainder when 245878 is divided by 4024.
414
Calculate the remainder when 47605 is divided by 15695.
520
What is the remainder when 5325298 is divided by 100477?
17
Calculate the remainder when 3495394 is divided by 6100.
94
Calculate the remainder when 5222790 is divided by 517.
56
Calculate the remainder when 1436299 is divided by 37.
33
Calculate the remainder when 154047 is divided by 267